e
Is 57010651 a composite number?
False
Is 73435889 composite?
False
Is 5896747 prime?
True
Is 5718959 prime?
True
Is 99016102 a prime number?
False
Is 2245759 composite?
False
Is 1608037 prime?
True
Is 7540958 prime?
False
Is 859549 a composite number?
True
Is 2288587 composite?
True
Is 916489 a composite number?
True
Is 16671913 composite?
True
Is 12907241 a prime number?
True
Is 1118629 composite?
False
Is 6908309 composite?
False
Is 2420971 composite?
True
Is 127284607 composite?
True
Is 3892817 composite?
False
Is 3095943 a composite number?
True
Is 23344599 composite?
True
Is 47163635 a prime number?
False
Is 340670777 prime?
True
Is 8798269 composite?
False
Is 23260733 a prime number?
True
Is 18352349 prime?
True
Is 1301360365 a prime number?
False
Is 362014021 prime?
False
Is 59870047 prime?
True
Is 100497835 composite?
True
Is 6858077 composite?
False
Is 63865751 a composite number?
True
Is 180106321 prime?
False
Is 31163969 a composite number?
False
Is 869163973 composite?
False
Is 23250761 prime?
True
Is 153753097 prime?
True
Is 102317953 a prime number?
True
Is 14282317 prime?
False
Is 4442341 a composite number?
True
Is 1849895 composite?
True
Is 79592723 prime?
False
Is 4713859 a composite number?
True
Is 73948103 a prime number?
False
Is 45748883 composite?
False
Is 35139369 a prime number?
False
Is 13045619 prime?
True
Is 352301 prime?
True
Is 10272127 a composite number?
False
Is 1695327 a composite number?
True
Is 436701337 a prime number?
False
Is 51855209 composite?
True
Is 128788927 a composite number?
False
Is 12398569 composite?
False
Is 95063 a composite number?
False
Is 7447543 a composite number?
True
Is 2310929 a prime number?
False
Is 273181 prime?
True
Is 5825323 a composite number?
True
Is 101076377 a prime number?
True
Is 829687 prime?
True
Is 2463401 a prime number?
True
Is 3594901 composite?
False
Is 4087963 composite?
True
Is 628074835 a composite number?
True
Is 3726911 a prime number?
True
Is 105371969 a prime number?
True
Is 37509151 a prime number?
False
Is 80249989 prime?
False
Is 2980463 a prime number?
True
Is 1423181 composite?
False
Is 60348493 a prime number?
True
Is 137239 prime?
True
Is 197825497 composite?
True
Is 6251339 a prime number?
True
Is 835634207 composite?
False
Is 3576949 prime?
False
Is 4146749 prime?
False
Is 2485729 composite?
True
Is 26304107 composite?
False
Is 4018151 a composite number?
False
Is 437793481 a prime number?
False
Is 698111 composite?
False
Is 9513241 composite?
True
Is 501997 a prime number?
True
Is 8455793 composite?
False
Is 428332759 composite?
False
Is 11630777 prime?
True
Is 2835497 a prime number?
False
Is 2818201 composite?
True
Is 2471927 a composite number?
False
Is 46878395 a composite number?
True
Is 5711467 a composite number?
False
Is 1138901 a composite number?
False
Is 12149269 composite?
True
Is 897913 a prime number?
False
Is 19770301 composite?
False
Is 3309571 composite?
False
Is 6488767 prime?
True
Is 5806181 composite?
True
Is 3203407 composite?
False
Is 28220711 a prime number?
True
Is 10939619 composite?
True
Is 16426427 a prime number?
True
Is 3422333 a prime number?
False
Is 52622881 prime?
False
Is 26466169 a prime number?
False
Is 9130019 prime?
True
Is 33442097 a prime number?
False
Is 820033 prime?
False
Is 55574033 a composite number?
False
Is 9625919 prime?
False
Is 2784527 composite?
True
Is 137771 a prime number?
True
Is 17697139 a composite number?
False
Is 100823167 composite?
False
Is 141137 a prime number?
False
Is 1402081 a composite number?
False
Is 163091051 a prime number?
False
Is 59582401 a prime number?
True
Is 26771 prime?
False
Is 95290057 composite?
False
Is 25757293 composite?
True
Is 629423579 composite?
False
Is 88396031 a prime number?
False
Is 3083531 a composite number?
True
Is 7718057 prime?
True
Is 845279 prime?
True
Is 79091 a composite number?
True
Is 195236929 prime?
True
Is 11138143 prime?
True
Is 36199283 prime?
False
Is 717551981 prime?
True
Is 649516663 a prime number?
False
Is 60708821 composite?
True
Is 2547959 a composite number?
False
Is 691133 a prime number?
False
Is 1412657 a prime number?
False
Is 8237687 prime?
True
Is 6589273 a composite number?
False
Is 37165691 a prime number?
False
Is 19432113 a composite number?
True
Is 185489783 a prime number?
True
Is 31228361 a composite number?
False
Is 3779179 a prime number?
False
Is 36764621 a prime number?
False
Is 3993967 a prime number?
False
Is 15466103 a prime number?
True
Is 3964157 prime?
True
Is 15679641 composite?
True
Is 80045137 a composite number?
False
Is 159128003 a prime number?
False
Is 810936367 prime?
False
Is 133727261 a prime number?
False
Is 1244987 a prime number?
True
Is 21806933 composite?
True
Is 881849 prime?
True
Is 299782099 composite?
False
Is 251592743 a prime number?
True
Is 74846 a composite number?
True
Is 3466031 composite?
True
Is 207847469 prime?
True
Is 1666339 a prime number?
True
Is 6812719 composite?
False
Is 15778823 prime?
True
Is 27801926 composite?
True
Is 171772007 prime?
False
Is 7439497 composite?
True
Is 235043 a prime number?
True
Is 240630407 prime?
True
Is 2846233 prime?
False
Is 1508033 a composite number?
False
Is 4517173 composite?
False
Is 23268629 a prime number?
True
Is 88419293 composite?
True
Is 407989 prime?
False
Is 1684829717 prime?
True
Is 789557 composite?
False
Is 7732079 a prime number?
False
Is 39185137 prime?
False
Is 28756358 composite?
True
Is 6204827 prime?
True
Is 149808649 a composite number?
False
Is 311789 a composite number?
True
Is 44111111 composite?
True
Is 14919977 composite?
True
Is 833977 composite?
False
Is 252463371 a prime number?
False
Is 475313 prime?
False
Is 8081147 composite?
True
Is 28687 a composite number?
False
Is 250177619 a composite number?
False
Is 2416114 a composite number?
True
Is 4079885 a composite number?
True
Is 583061 prime?
False
Is 2576003 a composite number?
False
Is 46394191 a composite number?
False
Is 127933549 composite?
False
Is 1392731 a composite number?
False
Is 2312069 composite?
False
Is 181580549 composite?
True
Is 30027587 a composite number?
False
Is 4731821 prime?
True
Is 3128299 composite?
True
Is 1080587 a composite number?
True
Is 2175353 composite?
False
Is 224020767 a prime number?
False
Is 36822917 composite?
False
Is 792871 prime?
True
Is 1496323 a prime number?
False
Is 7388179 composite?
True
Is 17202253 prime?
True
Is 3525151 composite?
True
Is 194198237 a prime number?
False
Is 578145101 a composite number?
False
Is 5144177 a prime number?
True
Is 944123 prime?
True
Is 2671327 prime?
True
Is 45678577 a prime number?
False
Is 3797767 a composite number?
True
Is 5670307 a prime number?
True
Is 188152694 composite?
True
Is 4942177 composite?
False
Is 19726961 a composite number?
False
Is 294693127 a prime number?
True
Is 11762851 a prime number?
True
Is 3381269 composite?
False
Is 49332207 composite?
True
Is 34058877 a composite number?
True
Is 1699283 a prime number?
False
Is 130675999 a composite number?
False
Is 6011851 a composite number?
False
Is 20353477 composite?
True
Is 42654461 composite?
False
Is 86331451 a prime number?
False
Is 13960033 composite?
True
Is 3534235 prime?
False
Is 3400823 composite?
False
Is 105829 composite?
False
Is 6571109 a composite number?
False
Is 3767714 composite?
True
Is 10868447 a composite number?
False
Is 1134785705 prime?
False
Is 30945307 prime?
True
Is 14637263 prime?
True
Is 34291571 prime?
True
Is 3934249 a prime number?
False
Is 5452451 prime?
False
Is 3953234 a prime number?
False
Is 42370481 composite?
False
Is 296536694 composite?
True
Is 48671467 a composite number?
True
Is 40350719 composite?
True
Is 30223307 a prime number?
False
Is 767587 prime?
True
Is 6090103 composite?
False
Is 885792613 a prime number?
True
Is 952201147 a composite number?
False
Is 5137877 a composite number?
True
Is 561343 a prime number?
True
Is 1484237 composite?
False
Is 272942 prime?
False
Is 136334831 composite?
False
Is 24064639 composite?
True
Is 12136813 a composite number?
True
Is 2211031 prime?
False
Is 82703381 prime?
False
Is 271328203 a prime number?
True
Is 328613827 prime?
True
Is 6383801 composite?
False
Is 1507115 a composite number?
True
Is 1226477 composite?
True
Is 2335519 